
40
Calculate 8 - (5 + 0) - -6 - (-17 + 11).
15
Evaluate -21 + 4 - (733 + -748).
-2
Evaluate (-176 - -169) + 29 + 2 + -33.
-9
What is 14 + -46 - (1 + -20) - (1 - 2) - 8?
-20
What is (5 + 65 + -29 - 28) + -12 + 1 + 93?
95
What is (0 + -4 + 1 - -39) + (-38 - -48) + -9?
37
What is 30 + 42 + -36 + -47 + 1 + -20 + 1?
-29
What is the value of -6 - (89 + -6 + 15) - (-18 - (-21 + 8))?
-99
What is -62 - -20 - (24 - 21)?
-45
28 + (-35 + -16 - 24) - (2 - (1 + 12))
-36
What is the value of -33 - (-24 - 28 - -19)?
0
What is -344 - -320 - (21 - (3 + -13))?
-55
What is -127 + (-12 + (2 - -11) + 9 - -6)?
-111
Calculate (-42 - (-18 + 25 + -9 + 1)) + (-10 - -13).
-38
What is -1 + 3 + (11 - 44 - -37)?
6
What is the value of 63 + -29 + 19 + -64?
-11
Calculate 104 + (-181 - -81) - (42 + -3).
-35
Calculate (-756 - -755) + (47 - (-1 + (-6 - -4))).
49
Calculate -17 + -19 - -104 - 63.
5
0 - (33 + 22 + -11 - (-3 - 2))
-49
Calculate (56 - (-45 - -89)) + -49.
-37
Calculate (-14 + 5 + -8 + -5 - -10) + 25.
13
Evaluate -143 + (194 - (12 + -75)).
114
What is the value of 0 + 52 + (-171 - -117)?
-2
Evaluate 49 + (-26 - (-35 + 14) - -25) + (-6 - -1).
64
Calculate (26 - 6) + -24 - -35 - 37.
-6
Evaluate 129 + 2 + (5 - 8) + (-6 - -22 - 8).
136
Evaluate 123 + -85 + -95 - -65.
8
39 + 14 - (396 + -359)
16
What is the value of -1 - (-12 + (-3 - 14 - -15) + -1 + 35)?
-21
What is the value of -49 - -84 - (35 + -5) - 34?
-29
Calculate 2 - (-3 - -52) - (41 + -52).
-36
What is the value of -9 + (-7 + 23 - 47)?
-40
What is 11 - -6 - (-5 + -29 + 7)?
44
Calculate (-4 - -14) + (10 + 12 - 12).
20
(40 - (-39 + 4)) + -33
42
What is the value of -130 + (39 - -79) + (-1 - -13)?
0
What is -1 - 1 - (-7 - (4 + -2)) - (35990 - 35935)?
-48
Evaluate -86 - (46 + (-64 - -10)).
-78
What is the value of 84 + (14 - 1 - (189 - 153))?
61
18 + 48 + -95 + 50 - (-11 - 1)
33
Evaluate 15 - (26 + 64 + -38).
-37
What is (23 - (-67 + -11)) + -127?
-26
What is the value of (-6 + 3 + (10 - -1) - 0) + 1 + 8?
17
What is the value of 3 + -21 + (20 - (3 + 20))?
-21
What is the value of -76 - (143 - (-125 + 334))?
-10
Calculate (2476 - 2494) + (-1 - (7 - 2)) + 1.
-23
What is the value of 4 - 5 - -10 - (19 + -3) - 11?
-18
Evaluate 91 + (432 + -447 - (0 + -7)).
83
Evaluate 3 + 34 + -35 + 8.
10
What is 4 - (6 - (-1 + 4) - 2 - -6)?
-3
What is 3 + (8 + (-6 - -10) - (-37 + 37))?
15
What is (-3 - 79) + 55 + 68?
41
Calculate (2 - 15) + 1645 + -1622.
10
2 + (58 - 69) - (-42 - 2)
35
What is the value of -4 + 103 + (15 - (-1 + -1 + -13 + 18))?
111
Evaluate (-53 + 63 - -25) + 24.
59
Calculate 55 - (-12 + 97) - -31.
1
Calculate -8 + -33 + 39 - -14 - -9.
21
What is 30 + 2 + (-24 - (-1 + 36))?
-27
-65 - 3 - (17 - (-41 - -70) - (0 + -24))
-80
What is the value of -19 + 6 + (16 - -6) + 107?
116
Evaluate 2 + 0 + -4 - (1 + -24 + (-149 - -142)).
28
Evaluate 21 + (331 + -297 + -20 + 0 - 75).
-40
2 + 83 - (10469 - 10507)
123
What is the value of -29 + -1 + (14 - (6 + -10))?
-12
Calculate -20 - -60 - 3 - 79.
-42
50 + -62 + 24 - (65 - (-4 - -1 - -1))
-55
Calculate (-8 - (-11 - -2) - (23 + 0)) + -1.
-23
What is the value of (44 - -1 - (-402 - -367)) + 15?
95
(9 + -9 - 9) + 90 + -29
52
Evaluate 26 + (-3 + 34 - 95).
-38
37 - ((-2 - 0) + 9 + -9 + -9)
48
(-106 + 61 - -66) + -13
8
Evaluate 76 - (84 - 46 - 13).
51
What is 4 + -16 + 27 + -39 + 19?
-5
Calculate 26 - 1 - (3 + (12 - (4 - -11)) + 10).
15
Calculate -1 + -24 + (-1 - (0 + -1)) + (-55 - -47).
-33
What is the value of (4 + 0 - 7) + -2 + -57 + 41 + 24?
3
What is (7 - (2 - 1) - 10 - (-33 + 24)) + 37?
42
What is the value of (-11 - -28) + -13 + (1 - -2) + (-55 - -1)?
-47
Evaluate 3 + (0 - 16 - (201 + -127)).
-87
What is the value of (-33 - (41 + -49)) + -8?
-33
Evaluate -1 + 23 - (-2037 - -2014 - (-8 - 1)).
36
Calculate (-163 - -158 - (-1 + 14)) + 8 - (4 + -86).
72
Calculate 1 - ((1 - -75) + ((17 - 16) + -32 - -28)).
-72
Calculate -78 + (93 - -21) + 58.
94
What is (15 - ((1 - -16) + -3)) + -4 + -7?
-10
Calculate -29 - -73 - (1 - (9 - (2 - -4) - 4)).
42
Calculate -1 - 131 - (316 + -210 - 145).
-93
What is the value of 19 + -1 - (144 - (124 + 3))?
1
Evaluate -18 + (-1 + -27 - (-969 - -930)).
-7
-1 - 31 - 13 - -103
58
-2 + (2 - 11) + (-49 + 60 - 69 - 63)
-132
Calculate (9 - (-47 + 67)) + 18.
7
What is the value of (-1 - -28) + 494 + -500 - -45?
66
Evaluate -29 - (-60 - -27) - (-5 + (0 - -3) + 43).
-37
What is (-91 - -5) + (-15 - 10 - -13) + 12 + 3?
-83
-3747 + 3742 + (-1 - 0) + -3 + -27
-36
What is the value of -6 + 29 + 5 + (-47 - -40)?
21
Calculate 6 - (-36 + -3 + -24 + 45).
24
What is the value of -15 - (56 + -41 + -30 + 3 + 59)?
-62
What is the value of -1 + (-37 + 22 - (-2 - (4 + 2))) - -31?
23
What is (-2 - (14 - 1)) + (9 - 3) + -222 + 234?
3
What is (-6 - (8 - 18)) + -4 - (-8 - 38)?
46
What is the value of -1 + -36 + -5917 + 6011?
57
Calculate 6 - 8 - -7 - (47 - 56).
14
What is the value of -10 + (-47 - -24 - -20) + (23 - 8)?
2
What is -130 - (-214 - -192 - (2 + -6))?
-112
(-10 + 25 - -16) + -25 - (-1 - -10) - 33
-36
(57 - 1) + (-127 - (3 - 117)) + 3 + 1
47
Calculate 10 + -1 + (2 - 4) + 5 + 4.
16
Calculate (-43 - -3) + 79 + -55 - -39.
23
22 + -25 - ((9 - -44) + 6)
-62
Calculate (4 - (26 + 14)) + 8.
-28
What is (-32 - -1) + -1337 + 1367 - (1 - -25)?
-27
What is (29 + -17 - 14) + -10 + 3 + -5?
-14
What is (30 - (29 - -13)) + -99 + 20?
-91
Calculate (20 - -39 - -2) + -27 + 11.
45
5 + -4 + (-15 + 7 - -5 - 1)
-3
-4 + (-3 - 5) + 6 - (-79 + 28 + -14)
59
What is the value of -2 + (-41 + 140 - (13 + 2)) + -3?
79
Calculate 131 - ((-37 - 19) + 134).
53
What is the value of -67 + (12 - (-12 + -8)) + -20?
-55
Evaluate (-2 + 20 - 68) + 17.
-33
What is -8 + (3 - 11) + 9 + 17 - (0 + -7)?
17
1 + -17 - (-578 - -564) - 9
-11
33 - (8 - (6 + (-1 - 4) - 6 - -9))
29
What is -3 + 0 + -26 + 35 + -12 + -2 - 8?
-16
Calculate -14 - ((94 - 102) + (-2 - -29)) - -10.
-23
9 + -15 + -1 + 4 + -62 + (2 - -6)
-57
-13 - ((13 - 9) + -64) - -14 - 12
49
Calculate -4 - (19 + (8 + 10 - 26) + -87).
72
What is -6 - ((6 - 23) + 24 + -13 + 8)?
-8
Calculate 2 - (-3 + -75) - ((-112 - -93) + (-1 - -12)).
88
Evaluate (-42 + 38 - -12) + (-3 - 0) - (-6 - -2).
9
What is the value of -9 + (9 - (23 + -14) - (4 + -54 + 6))?
35
What is the value of 14 + (-159 - -65 - -58)?
-22
What is (40 - 45) + -5 + 2 + (-21 - (-5 - -5))?
-29
What is the value of 1 + -52 - (-12238 - -12164)?
23
What is the value of -21 - (-9 + 16 + -16 + 0 + -13)?
1
What is the value of 6762 - 6600 - (65 + 2)?
95
-43 - (-95 + 114 + -82)
20
What is the value of (-88 - (-34 - 57)) + (0 + 2 + -3 - 34)?
-32
What is the value of (11 + (8 - 36) - (-52 - -24)) + 15?
26
What is the value of 1875 + -1773 - (20 + -1)?
83
Evaluate -50 + (18 - -40) + 3 + 1 + 11.
23
What is (-11 - (77 - 119)) + 59?
90
What is the value of -3 + -106 - (25 + (-8 - -13 - 33))?
-106
Evaluate -2 + -1 - (-7 + -10 + -18).
32
What is the value of (-8281 - -8224) + (-2 - (2 + 42))?
-103
What is (12 - 23) + (-23 - (13 - 25)) + 1?
-21
(1534 - 1513) + (-4 + -28 - 2)
-13
Calculate (12 + -14 - -8) + (-14 - 2) + 93 + -142.
-59
Calculate -111 - (-51 - 46) - (30 - 1).
-43
What is 71 - 46 - 17 - 3?
5
71 + (-7 - 52) + 69 + -1
80
(59 - 68) + 3 + 48 - 8
34
Evaluate (22 + -7 + -31 + 12 - 16) + -90.
-110
-59 + -42 + -5 + 23
-83
16 + -67 - (-337 + 282)
4
What is the value of 15 - ((-37 - -75) + -151 - -17)?
111
Calculate 12 + (17 - 20 - 13) + (-1 - -11) - 44.
-38
-24 - ((-1 - -11) + (78 - 80) - -1)
-33
What is the value of (6 - ((-3 + 5 - -4) + 6)) + 0 + 14?
8
What is the value of (-11 - (-6 + (3 - 57) - -7)) + 9 + -11?
40
What is the value of -1 + 45 + (54 + -37 - 14) + -13?
34
Evaluate -62 - (-70 - (66 - 156)).
-82
55 - (61 + (26 - 12))
-20
What is 12 + 26 + -23 + -3?
12
Calculate 204 - (-140 + 153 + 121).
70
Evaluate 51 + -141 + 94 - 84.
-80
(-10 - -35) + -20 - (-3 - -10)
-2
(-1730 - -1670) + (29 - -3)
-28
Evaluate -9 + 15 - (-236 + 172 - (7 + 5)).
82
What is (1 + 3 - 11) + (1 + -1 + 7 - -42)?
42
Evaluate (24 - (91 - 51)) + -34.
-50
What is 21 + (20 - ((24 - 5) + 17))?
5
-18 + 47 + -21 + -31 + (0 - 6)
-29
Calculate (16 - (69 + (0 - 16))) + -3.
-40
Calculate -105 + -52 + 96 + (0 - 0) + (2 - 1).
-60
(-7 - (43 + -58)) + (1 - 2) + -3
4
What is the value of (-1 - 18) + -65 + 78 + 88?
82
Calculate -174 + 153 + (-72 - 6) - -20.
-79
Calc